se 10, what is -24761 - 31?
-24792
In base 11, what is -a7a592 + -4?
-a7a596
In base 8, what is 254 - -136?
412
In base 10, what is 4 + 132931?
132935
In base 6, what is 123531 - 3?
123524
In base 10, what is 117 - -7741?
7858
In base 2, what is -111111010001010101110 - 101?
-111111010001010110011
In base 12, what is 2223 + 0?
2223
In base 8, what is 51 - -1547?
1620
In base 11, what is -1858a6 - -6?
-1858a0
In base 14, what is 69b7 - -57?
6a30
In base 16, what is -a + 71a1?
7197
In base 10, what is 3368 + -94?
3274
In base 13, what is -b - 124a?
-1258
In base 8, what is 70146 - -46?
70214
In base 7, what is -3 + -640251?
-640254
In base 16, what is -28 + -d6?
-fe
In base 12, what is 9516 - 22?
94b4
In base 13, what is -5c21 + -c?
-5c30
In base 13, what is -10402 - -2?
-10400
In base 5, what is 42 + -31011?
-30414
In base 14, what is -2c + 110b?
10bd
In base 4, what is -1020 + 32110?
31030
In base 3, what is 2 + -21000221?
-21000212
In base 12, what is -6 + 1220b?
12205
In base 3, what is 11121112 + 1211?
11200100
In base 11, what is 22 - 134?
-112
In base 15, what is -78622 - 1?
-78623
In base 8, what is -1037514 - -4?
-1037510
In base 15, what is 46d1 - -6?
46d7
In base 3, what is 20210022 + -1012?
20202010
In base 2, what is -101101101011100 - -11101?
-101101100111111
In base 13, what is 6c3 - -55?
748
In base 7, what is 14061 + -31?
14030
In base 15, what is 1 + 5813?
5814
In base 4, what is -13303 - 23101?
-103010
In base 9, what is 2 - -167243?
167245
In base 9, what is 363 + -167?
185
In base 3, what is -111000220 + 211?
-111000002
In base 6, what is -235352500 + 5?
-235352451
In base 15, what is -d6a - 3c?
-da7
In base 11, what is 74a - -4?
753
In base 9, what is 2001 - -8?
2010
In base 8, what is 344 + -2223?
-1657
In base 10, what is -2872 - 6?
-2878
In base 11, what is 1146 + -1565?
-41a
In base 5, what is 321343 - 4?
321334
In base 2, what is 1 + -110100011100100010?
-110100011100100001
In base 9, what is 462 - -1443?
2015
In base 16, what is -3 + 125b?
1258
In base 2, what is -10100010001100000000 + 111?
-10100010001011111001
In base 4, what is 10212 - -222102?
232320
In base 14, what is 4b52 - -7?
4b59
In base 12, what is -452 + -b9?
-54b
In base 9, what is 2 + -126431?
-126428
In base 3, what is 2000 + -11000010?
-10221010
In base 11, what is 3 - 117a693?
-117a690
In base 13, what is 0 - -b9b48?
b9b48
In base 2, what is -11101001 + -1000011110?
-1100000111
In base 2, what is 101011111000 - 10111?
101011100001
In base 4, what is -2011333 - 11?
-2012010
In base 4, what is 1 + -1131333221?
-1131333220
In base 13, what is -3acb + 57?
-3a74
In base 7, what is -46315 - 12?
-46330
In base 4, what is -2 + -1123102301?
-1123102303
In base 9, what is 0 - 30177?
-30177
In base 5, what is 344442 - 104?
344333
In base 3, what is 101 - -10200202002?
10200202110
In base 14, what is -218d2 + -6?
-218d8
In base 15, what is -2 - 1073d?
-10740
In base 16, what is 37 + -3a57?
-3a20
In base 15, what is -9974 - e?
-9983
In base 7, what is 133533 - 2?
133531
In base 11, what is 3781 - -1?
3782
In base 9, what is -1730 + 66?
-1653
In base 5, what is -3201411 + 3?
-3201403
In base 12, what is 9 + 2a26?
2a33
In base 9, what is -12343 - -3?
-12340
In base 5, what is -1414104144 + 4?
-1414104140
In base 16, what is 2 - 2f795?
-2f793
In base 7, what is -403665 + 4?
-403661
In base 13, what is -1 - -c597?
c596
In base 9, what is 148522 + -1?
148521
In base 9, what is -2 - -26353?
26351
In base 2, what is 11110001 - 10110011?
111110
In base 16, what is -a50 + -23?
-a73
In base 3, what is -1120110012 - 0?
-1120110012
In base 8, what is -1 - 11404?
-11405
In base 3, what is -2002020111 + 2?
-2002020102
In base 7, what is 5431 - -65?
5526
In base 10, what is -3 + -59266?
-59269
In base 5, what is 200022 - -221?
200243
In base 7, what is -324411 + -5?
-324416
In base 6, what is 11 - 123324?
-123313
In base 13, what is -12 - 714c?
-7161
In base 12, what is -300 - 500?
-800
In base 7, what is -10 - 35120?
-35130
In base 10, what is 4062 + 6?
4068
In base 4, what is 1131312 - 100?
1131212
In base 16, what is -4cef - 8?
-4cf7
In base 2, what is -111100101111 + -1111?
-111100111110
In base 4, what is 10113032300 + -3?
10113032231
In base 12, what is -57 - -735?
69a
In base 13, what is 30c0 - -6?
30c6
In base 10, what is -24 + 60285?
60261
In base 2, what is 101100011000 - 1001110?
101011001010
In base 10, what is -4188 - 139?
-4327
In base 16, what is 138b + e1?
146c
In base 13, what is -9ba0 - 18?
-9bb8
In base 9, what is 177230 + -1?
177228
In base 7, what is 0 - 255226?
-255226
In base 9, what is -20 + -121538?
-121558
In base 9, what is 400 - -1385?
1785
In base 12, what is -48218 + 1?
-48217
In base 15, what is -5 - 1eea?
-2000
In base 15, what is -3 - -3e4?
3e1
In base 14, what is -3a7c9 + 2d?
-3a79a
In base 6, what is -24554 + 33?
-24521
In base 7, what is 12 + 216245?
216260
In base 15, what is 2d + 482?
4b0
In base 6, what is -331521330 + 3?
-331521323
In base 7, what is -15 + 5351?
5333
In base 12, what is 5036a + 3?
50371
In base 8, what is -4 - 2266027?
-2266033
In base 12, what is -14709 - -1?
-14708
In base 3, what is 102 + 10211221?
10212100
In base 4, what is 30013 - 2003?
22010
In base 12, what is -4 - 43132?
-43136
In base 15, what is -21aa8 + -4?
-21aac
In base 13, what is 5 + 12c278?
12c280
In base 4, what is 23 - 1321203?
-1321120
In base 14, what is 10c + -23b?
-12d
In base 8, what is -1 - 5022644?
-5022645
In base 7, what is 2 - -536441?
536443
In base 4, what is 13 + -110200230?
-110200211
In base 10, what is 11011 - -5?
11016
In base 13, what is -1 - 21440?
-21441
In base 14, what is 3c + -1329?
-12cb
In base 12, what is 1 + 8a61?
8a62
In base 5, what is -2 - 200402?
-200404
In base 3, what is 1 + 100120201000?
100120201001
In base 9, what is -13561 - -1?
-13560
In base 12, what is 13714 + 4?
13718
In base 2, what is 0 - -11010010110011?
11010010110011
In base 5, what is 23142 + -32?
23110
In base 10, what is 13527 + -4?
13523
In base 8, what is 5 - -43336?
43343
In base 12, what is 713 - -4?
717
In base 10, what is 26 - -942?
968
In base 10, what is -3557 - 17?
-3574
In base 2, what is -1001011 - -101100100111?
101011011100
In base 7, what is 332 - 1665?
-1333
In base 15, what is 5 - -2e47c?
2e482
In base 14, what is 33c409 - -2?
33c40b
In base 16, what is -32b1 - -2a?
-3287
In base 2, what is 0 + 10011010111101011?
10011010111101011
In base 12, what is 202b9 + -5?
202b4
In base 9, what is 38 + 28017?
28056
In base 2, what is -110111011000001101 + -10?
-110111011000001111
In base 14, what is 9692 - 5?
968b
In base 12, what is -6657a + 5?
-66575
In base 2, what is 1000 + -1101001000111?
-1101000111111
In base 7, what is -2136456 + -1?
-2136460
In base 6, what is 2 + 553542?
553544
In base 2, what is -100101101 + 1111001100?
1010011111
In base 13, what is -7a - 85b?
-908
In base 5, what is -42204302 - 10?
-42204312
In base 5, what is -1 + -223303303?
-223303304
In base 11, what is 4 + 9259?
9262
In base 2, what is -10011100101110001 - -11001?
-10011100101011000
In base 10, what is -229 - 82?
-311
In base 11, what is 5 + 48416?
48420
In base 7, what is -1334 - 2001?
-3335
In base 13, what is -3 + -1c69bb?
-1c69c1
In base 6, what is 53 + -25444?
-25351
In base 5, what is -1 + -211322?
-211323
In base 2, what is -100111001111 + -1?
-100111010000
In base 9, what is 1 + 12550?
12551
In base 6, what is 350 + -425?
-35
In base 4, what is 2200 + 10012?
12212
In base 5, what is -21124433 - -10?
-21124423
In base 6, what is -1233 + -114?
-1351
In base 6, what is -3124 - 2155?
-5323
In base 2, what is -100 - 11000011100000001111?
-11000011100000010011
In base 7, what is 30113 - -12?
30125
In base 2, what is -101110000 - -10101?
-101011011
In base 12, what is -273 - -252?
-21
In base 5, what is 2142 + 221104?
223301
In base 3, what is -11211101012 + 12?
-11211101000
In base 4, what is 1312 + -1003012?
-1001100
In base 4, what is 212230032 - 112?
212223320
In base 13, what is -3 + 5903?
5900
In base 14, what is 524 - -231?
755
In base 11, what is -237a - -5?
-2375
In base 5, what is 3013 + -32?
2431
In base 4, what is 301 + -331?
-30
In base 3, what is -21 - -1010011?
1002220
In base 16, what is -7a5ea + 0?
-7a5ea
In base 14, what is -2404ac + 5?
-2404